v. Give k(v).
54
Suppose 6*n - b - 2 = 3*n, -2*n + 1 = -b. Let x(f) = 6*f**2 - 5*f + 1. Let m(j) = j**2 - j. Let d(v) = n*x(v) - 5*m(v). Give d(2).
5
Suppose 5*u + 9 = -t, -2*u + 0*u - 36 = -5*t. Let j(s) = -s**3 + 7*s**2 - 7*s + 5. Determine j(t).
-1
Let w(x) be the second derivative of x**5/20 + 5*x**4/12 + 2*x**3/3 + 6*x + 5. Let g(v) = 6*v - 1 - 8*v + 4. Let u be g(3). Determine w(u).
6
Let y(f) = -3 - 33*f - 31*f + 3. Let g(p) = -7*p. Let z(u) = -28*g(u) + 3*y(u). Determine z(-2).
-8
Let y(r) = r + 3. Let j be (5/4 - (-14)/8) + -6. Determine y(j).
0
Let z(d) be the third derivative of -d**6/120 - d**5/15 + d**4/24 + d**3/2 + 76*d**2. Calculate z(-3).
-9
Suppose -o + 4*u = -5*o + 192, 5*u - 134 = -3*o. Let c = o - 47. Let j(t) = -2 + 2*t + 1 - 5. What is j(c)?
6
Suppose 240 = 5*k - b, 3*k + 2*b - 206 = -k. Let z = 48 - k. Let c(d) = -3*d**2 + d. Determine c(z).
-4
Let i(r) = -r**2 - 12*r + 6. Let l be (-9 + (-559)/(-39))*(-3)/2. Calculate i(l).
38
Let l(f) = f**2 + 9*f. Let p = 221 - 228. Give l(p).
-14
Let q = 22 + -16. Let c(t) = q*t**2 + 0*t**2 - 2 - 4*t**2 + t + 0*t**2. Suppose 13 - 3 = -5*z. Give c(z).
4
Let h(t) = t - 1. Let x be h(3). Let k(n) be the second derivative of -n**5/20 - n**3/6 + n**2 - 2*n + 141. Give k(x).
-8
Let q(l) = 11*l**3 + l - 1. Let i be q(1). Let u(o) = -o**3 + 11*o**2 - 15. Calculate u(i).
-15
Suppose 15 = -11*l - 7. Let w(c) = -22*c - 2. Give w(l).
42
Let q(p) be the second derivative of 5*p**3/3 + p**2 + p. Suppose -x - 3 = -1. Determine q(x).
-18
Let b be (-26)/(-195) - (-2)/(-15). Suppose 0 = -2*n - 2*w, -4*n + b = w - 6. Let l(v) = v**2 - 4*v + 1. Determine l(n).
-3
Let j(u) = -2 - u + 5*u - 2*u - 4. Let p be j(4). Let x(z) = -2*z - 1. Calculate x(p).
-5
Let j(a) = a + 1. Suppose z + 9 = -s, 4*z + 20 = -0*z + 4*s. Let p be z/9 - 10/45. Let v be p*(1 - -2 - 6). Determine j(v).
4
Let u(i) = -3*i + 3. Let v = 25 - 25. Suppose -n + k + 21 = -5*n, 4*k + 20 = v. Calculate u(n).
15
Suppose -5 - 5 = -3*l + 2*a, -a - 10 = -4*l. Let k(v) = -1 + v - l*v + 18 + 1. Give k(8).
10
Suppose -1 = 2*q + 1. Let f(t) = -t - 1. Let p be (8/(-6))/((-24)/(-36)). Let v(l) = 5*l. Let w(a) = p*f(a) + q*v(a). Calculate w(-3).
11
Let t(m) = -6*m + 32. Let y be (-76)/(-13) + (-26)/(-169) + -2. Let b be t(y). Let z(w) = -w + 6. Determine z(b).
-2
Let m(w) be the third derivative of w**6/180 - 5*w**4/24 - 19*w**3/6 - 4*w**2. Let p(z) be the first derivative of m(z). Determine p(4).
27
Suppose -19 + 14 = -5*h. Suppose -13 = -4*b - h. Let u(v) = -8*v**b + 15*v**3 + v - 8*v**3 + 5. Give u(0).
5
Let o(m) be the third derivative of m**4/24 + 5*m**3/6 - m**2. Let u = 3306 - 3302. Calculate o(u).
9
Let t be (-29)/(261/(-54)) - (-4)/(-1). Let i(k) = -6*k**3 - k**2 + k - 1. Calculate i(t).
-51
Let h be 48*((-26)/(-3) + -9). Let i(x) = x**3 + 17*x**2 + 16*x - 4. What is i(h)?
-4
Let m = 2 - -3. Let z(h) = h**2 + 26*h + 67. Let k be z(-23). Let j be (m/2)/(k/(-4)). Let w(q) = q**3 - 5*q**2 - q + 6. Give w(j).
1
Let h = -1291 + 1296. Let k(w) = -w**2 + 2*w**2 + 3*w - 5*w. Calculate k(h).
15
Let c(j) = 3*j**2 - 13*j + 2. Let s(l) = 7*l**2 - 28*l + 4. Let r(t) = -5*c(t) + 2*s(t). Give r(4).
18
Let j(c) = 5 + 2*c**3 + 7*c**2 + 17*c - 1 + 5 - 3*c**3. What is j(9)?
0
Let h(n) = 1 + 2*n + 0*n - 5*n - 8. Determine h(5).
-22
Let q(p) = -p**2 - 2*p - 6. Let m be 70/28*((-4)/(-4) + -3). Calculate q(m).
-21
Suppose 10*t + 39 + 11 = 0. Let h(l) = -l**2 - 9*l - 2. Calculate h(t).
18
Let i(f) = -f**3 + 7*f**2 + 10*f - 11. Let r be i(8). Suppose -3*p - 10 = -r*v, v = 2*p - v. Let b(m) = 28 - 28 + p*m. Give b(1).
5
Let r(t) = t + 6. Let i be ((-21)/9 + 2)*0. Give r(i).
6
Let q(a) be the second derivative of a**3/6 - 5*a**2/2 - 4*a. Let m(y) = -2*y**3 - 10*y**2 + 209*y + 1. Let z be m(8). What is q(z)?
4
Let u(p) = p**3 - 8*p**2 + 7*p - 3. Let t(v) = -v**3 + 5*v**2 + 7*v + 1. Let x be t(6). What is u(x)?
-3
Let h(f) = -2*f**2 + 12*f - 2. Let c be h(5). Let d(o) = -5*o - 2*o**2 + c - 5*o + 3*o**2 + 2*o. Give d(8).
8
Let q(u) = -u**3 - 6*u**2 + 7*u - 4. Let z(x) = -x**2 - 19*x + 48. Let p be z(-22). Suppose 8 = 3*r + 5*l, -5*l = -r - 3 + 39. Let n = r + p. Give q(n).
-4
Let w be (-3 - -1 - -1) + 3. Let m = 377 - 374. Let n(q) = 4*q**2 - q + 5. Let h(d) = -3*d**2 - 4. Let r(x) = m*h(x) + w*n(x). Give r(-3).
-5
Let x(r) = 6*r + 3 - 2 - r**2 + 2 + 0*r**2. What is x(4)?
11
Let n(x) = 7*x - 14. Let r(w) = 6*w - 12. Let g(y) = -3*n(y) + 4*r(y). Suppose -v = 4*v - 30. Calculate g(v).
12
Let p(n) be the third derivative of n**8/2240 + n**7/2520 - n**4/4 + 12*n**2. Let r(c) be the second derivative of p(c). Calculate r(1).
4
Suppose 0 = -0*i - 2*i + 10. Let s(c) be the third derivative of c**5/60 - 5*c**4/24 + 7*c**3/6 + 21*c**2. Calculate s(i).
7
Let a(p) = -25*p**3 + 8*p + 56. Let s(u) = -9*u**3 + 3*u + 19. Let f(x) = -4*a(x) + 11*s(x). What is f(0)?
-15
Let v(p) = -p**3 - 2*p**2 + p. Suppose 0 = 7*l - 6*l - 14. Let a = l - 3. Let m = a - 14. Calculate v(m).
6
Let n be (5 - 4)/((-3)/(-9)). Let b(l) = -2*l - 24 + 27 + 2*l - n*l. Suppose -8 - 4 = -4*i. Determine b(i).
-6
Let y = 1 + -1. Let o(i) = 3*i**2 + i + 4. Let w(l) = 25*l**2 + 8*l + 33. Let q(h) = -8*o(h) + w(h). Calculate q(y).
1
Let y(p) = 33*p**2 - 1. Let m = 175 - 174. Give y(m).
32
Let a(w) = -2*w**2 - 5*w - 3. Let d = 11 - 19. Let t(z) = -10 + 2 - z + 0*z - 3. Let c be t(d). What is a(c)?
-6
Let w(i) = -i**3 + i**2 - 2*i**2 + 4*i**2 - 15*i**2 - 3*i**2. What is w(-15)?
0
Let y(g) be the second derivative of -g**6/120 - g**5/30 + g**4/8 + g**3/3 + 5*g**2/2 - 18*g. Let o(t) be the first derivative of y(t). Calculate o(-3).
2
Let m(h) = -1 + h - 2*h + 6 + 0*h. Calculate m(5).
0
Let q(v) = v - 6. Let g(f) = -38*f + 839. Let d be g(22). Determine q(d).
-3
Let i(k) = -k + 4. Suppose -2*h + 8 = 2*j, -2*h = 4*j - 6*j. Determine i(j).
2
Let p(a) = 3*a**3 - 3*a**2 + 3*a - 5. Let c(d) = d**3. Let q(o) = 4*c(o) - p(o). Suppose 0*y = -3*i + y + 9, -3*y = -4*i + 7. Suppose 10 = -i*b - 6. Give q(b).
1
Let i(b) = b - 1. Let t be i(0). Let y(p) = -6521*p**3 + 7*p**2 - 8*p**2 + 6511*p**3 - 1 - p. Determine y(t).
9
Let f(n) = 4*n**3 - 2*n**2 + 5*n - 4. Let c(i) = 13*i**3 - 6*i**2 + 14*i - 11. Let q(r) = 3*c(r) - 8*f(r). Determine q(1).
6
Let n(v) = 127*v**3 - 41*v**3 - 7*v**2 - 39*v**3 - 46*v**3 + 8 + 2*v. Give n(6).
-16
Let u(q) = -19*q**2 - 5*q. Let m(b) be the first derivative of -4*b**3/3 - b**2/2 - 13. Let p(k) = 11*m(k) - 2*u(k). Calculate p(-1).
-5
Let g = -504 + 504. Let c(i) = -i**2 + 2*i - 15. Calculate c(g).
-15
Let w(q) be the third derivative of -q**4/6 - 2*q**3/3 + 208*q**2. Determine w(-5).
16
Let t(b) = 4*b. Let o = 18 + -8. Suppose o = -5*w, -2*c + 0*w + w - 6 = 0. Calculate t(c).
-16
Suppose -3*b = 2*v - 11, 4*b - 2*v - 18 = -3*v. Let m(z) = -3 + z**2 - 1 + 4*z**2 - b*z + 2*z**2 - z**3. Let q = 15 - 9. Determine m(q).
2
Let k(x) = 6 - 22*x + 14*x + 5*x + 6*x. Give k(-4).
-6
Let v(q) be the first derivative of q**4/8 + q**3/2 - q**2/2 + 6. Let h(k) be the second derivative of v(k). Give h(-2).
-3
Let k = 4 - 10. Let n(i) = i - 7. Let s(x) = 5*x - 38. Let z(d) = -11*n(d) + 2*s(d). What is z(k)?
7
Let h(m) = 4*m**2. Suppose 2*y - 5*d + 6 + 7 = 0, -y + 10 = 3*d. Let b be h(y). Let f(z) = -3*z - 13*z + 3*z**2 + 1 - b*z**2 + 17*z. Calculate f(0).
1
Let r(b) = -b**2 - 3*b + 6. Suppose 0 = j + 2*n + 4, -n + 3*n + 16 = j. Let l = 15 - j. Suppose 6*p - 15 = l*p. Calculate r(p).
-4
Let j = 507 - 510. Let l(z) = 2*z**2 + 5*z - 3. Let v(f) be the first derivative of 2*f**3/3 + 5*f**2/2 - 4*f + 1. Let k(y) = -6*l(y) + 5*v(y). Determine k(j).
-5
Let z(w) = 5*w - 2. Let l(y) = 3 + 2*y**2 - y**3 + 0*y**3 + 3 + 4*y**2. Let c be l(6). Suppose -r = -3*u + 12, 0 = u - 0*r - r - c. What is z(u)?
13
Let p(s) = 6 + 97*s**2 + s**3 - 178*s**2 + 7*s + 89*s**2. Determine p(-7).
6
Let c(d) = -d - 1. Let f(t) = 2*t - 2. Let l(k) = -2*c(k) + f(k). Let u be 3 + -3 + (2 - 4). Determine l(u).
-8
Let z(f) = -f + 0*f**2 - 4*f**2 + 53 + 3*f**2 - 55. Let s(c) = c**3 + c**2 - c - 1. Let a be s(-2). Give z(a).
-8
Let d(r) = -8 - r + 0 + 6*r**2 + 3*r - r**3. Let f(u) = u**2 + 5*u + 2. Let t be f(-2). Let q = 10 + t. Determine d(q).
4
Suppose -2*b + 5 = -b, -4*p - 5*b + 17 = 0. Let y be (-36)/(-16) + p/8. Suppose 0 = -z + y*t - 1 - 2, 3*z - 4*t = -5. 